{"id":290,"date":"2021-11-08T20:08:32","date_gmt":"2021-11-08T19:08:32","guid":{"rendered":"http:\/\/www.anondandon.fr\/?page_id=290"},"modified":"2024-02-17T00:53:16","modified_gmt":"2024-02-16T23:53:16","slug":"le-chalet-et-ses-services","status":"publish","type":"page","link":"https:\/\/www.anondandon.fr\/index.php\/le-chalet-et-ses-services\/","title":{"rendered":"Le chalet"},"content":{"rendered":"<h2><strong>Le Chalet (chambres d&rsquo;h\u00f4tes)<\/strong><\/h2>\r\n<p>Le chalet l&rsquo;\u00e2non d&rsquo;Andon , c&rsquo;est aussi les possibilit\u00e9s suivantes:<\/p>\r\n<ul>\r\n<li>Un coin salon est \u00e0 votre disposition avec jeux de soci\u00e9t\u00e9 et une biblioth\u00e8que<\/li>\r\n<li>Vous pouvez fl\u00e2ner dans une v\u00e9randa tr\u00e8s agr\u00e9able pour prendre le soleil en hiver<\/li>\r\n<li>Une tr\u00e8s grand terrasse vous accueille en toute saison<\/li>\r\n<li>En \u00e9t\u00e9 profitez de la piscine et du jardin (boules de p\u00e9tanque, jeux d&rsquo;enfants &#8211; tobogan, balan\u00e7oire, ballons )<\/li>\r\n<li>En \u00e9t\u00e9 une piscine est \u00e0 votre disposition &#8211; sans surveillance.<\/li>\r\n<\/ul>\r\n<div id=\"attachment_678\" style=\"width: 1034px\" class=\"wp-caption aligncenter\"><img data-recalc-dims=\"1\" fetchpriority=\"high\" decoding=\"async\" aria-describedby=\"caption-attachment-678\" class=\"size-large wp-image-678\" src=\"https:\/\/i0.wp.com\/www.anondandon.fr\/wp-content\/uploads\/2024\/02\/IMG_6307b.jpg?resize=1024%2C768\" alt=\"En \u00e9t\u00e9, profitez de la piscine de l'Anon d'Andon\" width=\"1024\" height=\"768\" srcset=\"https:\/\/i0.wp.com\/www.anondandon.fr\/wp-content\/uploads\/2024\/02\/IMG_6307b-scaled.jpg?resize=1024%2C768&amp;ssl=1 1024w, https:\/\/i0.wp.com\/www.anondandon.fr\/wp-content\/uploads\/2024\/02\/IMG_6307b-scaled.jpg?resize=300%2C225&amp;ssl=1 300w, https:\/\/i0.wp.com\/www.anondandon.fr\/wp-content\/uploads\/2024\/02\/IMG_6307b-scaled.jpg?resize=768%2C576&amp;ssl=1 768w, https:\/\/i0.wp.com\/www.anondandon.fr\/wp-content\/uploads\/2024\/02\/IMG_6307b-scaled.jpg?resize=1536%2C1152&amp;ssl=1 1536w, https:\/\/i0.wp.com\/www.anondandon.fr\/wp-content\/uploads\/2024\/02\/IMG_6307b-scaled.jpg?resize=2048%2C1536&amp;ssl=1 2048w, https:\/\/i0.wp.com\/www.anondandon.fr\/wp-content\/uploads\/2024\/02\/IMG_6307b-scaled.jpg?w=2340 2340w\" sizes=\"(max-width: 1024px) 100vw, 1024px\" \/><p id=\"caption-attachment-678\" class=\"wp-caption-text\">En \u00e9t\u00e9, profitez de la piscine de l&rsquo;Anon d&rsquo;Andon<\/p><\/div>\r\n<h2><strong>Parking<\/strong><\/h2>\r\n<ul>\r\n<li>Quelques places de parking sont disponibles devant le chalet<\/li>\r\n<li>Un acc\u00e8s handicap\u00e9 vous donne acc\u00e8s au chalet et aux chambres<\/li>\r\n<li>Pour les cyclistes et les motards, un garage ferm\u00e9 est \u00e0 votre disposition sur demande<\/li>\r\n<\/ul>\r\n<h2>Privatisation\u00a0<\/h2>\r\n<p>Pour vos \u00e9v\u00e8nements: mariages, repas de famille, anniversaires, ag d&rsquo;association ect<\/p>\r\n<p>Contactez nous par mail ou t\u00e9l\u00e9phone et nous r\u00e9aliserons un devis en fonction de vos besoin !<\/p>\r\n<h2>Divers<\/h2>\r\n<p>Les animaux de compagnie sont accept\u00e9s.<\/p>\r\n<p>Merci de nous pr\u00e9venir au moment de la r\u00e9servation de vos besoins particuliers.<\/p>\r\n<div id=\"attachment_371\" style=\"width: 1034px\" class=\"wp-caption aligncenter\"><img data-recalc-dims=\"1\" decoding=\"async\" aria-describedby=\"caption-attachment-371\" class=\"wp-image-371 size-large\" src=\"https:\/\/i0.wp.com\/www.anondandon.fr\/wp-content\/uploads\/2021\/11\/P2220711.jpg?resize=1024%2C683\" alt=\"Salle \u00e0 manger et biblioth\u00e8que\" width=\"1024\" height=\"683\" srcset=\"https:\/\/i0.wp.com\/www.anondandon.fr\/wp-content\/uploads\/2021\/11\/P2220711-scaled.jpg?resize=1024%2C683&amp;ssl=1 1024w, https:\/\/i0.wp.com\/www.anondandon.fr\/wp-content\/uploads\/2021\/11\/P2220711-scaled.jpg?resize=300%2C200&amp;ssl=1 300w, https:\/\/i0.wp.com\/www.anondandon.fr\/wp-content\/uploads\/2021\/11\/P2220711-scaled.jpg?resize=768%2C512&amp;ssl=1 768w, https:\/\/i0.wp.com\/www.anondandon.fr\/wp-content\/uploads\/2021\/11\/P2220711-scaled.jpg?resize=1536%2C1024&amp;ssl=1 1536w, https:\/\/i0.wp.com\/www.anondandon.fr\/wp-content\/uploads\/2021\/11\/P2220711-scaled.jpg?resize=2048%2C1365&amp;ssl=1 2048w, https:\/\/i0.wp.com\/www.anondandon.fr\/wp-content\/uploads\/2021\/11\/P2220711-scaled.jpg?w=2340 2340w\" sizes=\"(max-width: 1024px) 100vw, 1024px\" \/><p id=\"caption-attachment-371\" class=\"wp-caption-text\">Salle \u00e0 manger et biblioth\u00e8que<\/p><\/div>\r\n\r\n<figure class=\"wp-block-image size-large\"><img data-recalc-dims=\"1\" decoding=\"async\" width=\"1024\" height=\"683\" class=\"wp-image-481\" src=\"https:\/\/i0.wp.com\/www.anondandon.fr\/wp-content\/uploads\/2021\/11\/P2220764.jpg?resize=1024%2C683\" alt=\"la V\u00e9randa\" srcset=\"https:\/\/i0.wp.com\/www.anondandon.fr\/wp-content\/uploads\/2021\/11\/P2220764-scaled.jpg?resize=1024%2C683&amp;ssl=1 1024w, https:\/\/i0.wp.com\/www.anondandon.fr\/wp-content\/uploads\/2021\/11\/P2220764-scaled.jpg?resize=300%2C200&amp;ssl=1 300w, https:\/\/i0.wp.com\/www.anondandon.fr\/wp-content\/uploads\/2021\/11\/P2220764-scaled.jpg?resize=768%2C512&amp;ssl=1 768w, https:\/\/i0.wp.com\/www.anondandon.fr\/wp-content\/uploads\/2021\/11\/P2220764-scaled.jpg?resize=1536%2C1024&amp;ssl=1 1536w, https:\/\/i0.wp.com\/www.anondandon.fr\/wp-content\/uploads\/2021\/11\/P2220764-scaled.jpg?resize=2048%2C1365&amp;ssl=1 2048w, https:\/\/i0.wp.com\/www.anondandon.fr\/wp-content\/uploads\/2021\/11\/P2220764-scaled.jpg?w=2340 2340w\" sizes=\"(max-width: 1024px) 100vw, 1024px\" \/>\r\n<figcaption>la V\u00e9randa<\/figcaption>\r\n<\/figure>\r\n\r\n<div id=\"attachment_124\" style=\"width: 1034px\" class=\"wp-caption aligncenter\"><img data-recalc-dims=\"1\" loading=\"lazy\" decoding=\"async\" aria-describedby=\"caption-attachment-124\" class=\"wp-image-124 size-large\" src=\"https:\/\/i0.wp.com\/www.anondandon.fr\/wp-content\/uploads\/2021\/10\/P2210226.jpg?resize=1024%2C683\" alt=\"Jardin et jeux d'enfants\" width=\"1024\" height=\"683\" srcset=\"https:\/\/i0.wp.com\/www.anondandon.fr\/wp-content\/uploads\/2021\/10\/P2210226-scaled.jpg?resize=1024%2C683&amp;ssl=1 1024w, https:\/\/i0.wp.com\/www.anondandon.fr\/wp-content\/uploads\/2021\/10\/P2210226-scaled.jpg?resize=300%2C200&amp;ssl=1 300w, https:\/\/i0.wp.com\/www.anondandon.fr\/wp-content\/uploads\/2021\/10\/P2210226-scaled.jpg?resize=768%2C512&amp;ssl=1 768w, https:\/\/i0.wp.com\/www.anondandon.fr\/wp-content\/uploads\/2021\/10\/P2210226-scaled.jpg?resize=1536%2C1024&amp;ssl=1 1536w, https:\/\/i0.wp.com\/www.anondandon.fr\/wp-content\/uploads\/2021\/10\/P2210226-scaled.jpg?resize=2048%2C1365&amp;ssl=1 2048w, https:\/\/i0.wp.com\/www.anondandon.fr\/wp-content\/uploads\/2021\/10\/P2210226-scaled.jpg?w=2340 2340w\" sizes=\"(max-width: 1024px) 100vw, 1024px\" \/><p id=\"caption-attachment-124\" class=\"wp-caption-text\">Jardin et jeux d&rsquo;enfants<\/p><\/div>\r\n<div id=\"attachment_211\" style=\"width: 1034px\" class=\"wp-caption aligncenter\"><img data-recalc-dims=\"1\" loading=\"lazy\" decoding=\"async\" aria-describedby=\"caption-attachment-211\" class=\"size-large wp-image-211\" src=\"https:\/\/i0.wp.com\/www.anondandon.fr\/wp-content\/uploads\/2021\/10\/DSC_0672.jpg?resize=1024%2C683\" alt=\"L'\u00e2non d'Andon en hiver\" width=\"1024\" height=\"683\" srcset=\"https:\/\/i0.wp.com\/www.anondandon.fr\/wp-content\/uploads\/2021\/10\/DSC_0672-scaled.jpg?resize=1024%2C683&amp;ssl=1 1024w, https:\/\/i0.wp.com\/www.anondandon.fr\/wp-content\/uploads\/2021\/10\/DSC_0672-scaled.jpg?resize=300%2C200&amp;ssl=1 300w, https:\/\/i0.wp.com\/www.anondandon.fr\/wp-content\/uploads\/2021\/10\/DSC_0672-scaled.jpg?resize=768%2C512&amp;ssl=1 768w, https:\/\/i0.wp.com\/www.anondandon.fr\/wp-content\/uploads\/2021\/10\/DSC_0672-scaled.jpg?resize=1536%2C1024&amp;ssl=1 1536w, https:\/\/i0.wp.com\/www.anondandon.fr\/wp-content\/uploads\/2021\/10\/DSC_0672-scaled.jpg?resize=2048%2C1365&amp;ssl=1 2048w, https:\/\/i0.wp.com\/www.anondandon.fr\/wp-content\/uploads\/2021\/10\/DSC_0672-scaled.jpg?w=2340 2340w\" sizes=\"(max-width: 1024px) 100vw, 1024px\" \/><p id=\"caption-attachment-211\" class=\"wp-caption-text\">L&rsquo;\u00e2non d&rsquo;Andon en hiver<\/p><\/div>","protected":false},"excerpt":{"rendered":"<p>Le Chalet (chambres d&rsquo;h\u00f4tes) Le chalet l&rsquo;\u00e2non d&rsquo;Andon , c&rsquo;est aussi les possibilit\u00e9s suivantes: Un coin salon est \u00e0 votre disposition avec jeux de soci\u00e9t\u00e9 et une biblioth\u00e8que Vous pouvez fl\u00e2ner dans une v\u00e9randa tr\u00e8s agr\u00e9able pour prendre le soleil en hiver Une tr\u00e8s grand terrasse vous accueille en toute saison En \u00e9t\u00e9 profitez de [&hellip;]<\/p>\n","protected":false},"author":1,"featured_media":484,"parent":0,"menu_order":0,"comment_status":"closed","ping_status":"closed","template":"","meta":{"pgc_sgb_lightbox_settings":"","footnotes":""},"class_list":["post-290","page","type-page","status-publish","has-post-thumbnail","hentry"],"yoast_head":"<!-- This site is optimized with the Yoast SEO plugin v26.9 - https:\/\/yoast.com\/product\/yoast-seo-wordpress\/ -->\n<title>Le chalet - L&#039;\u00e2non d&#039;Andon<\/title>\n<meta name=\"description\" content=\"L&#039;\u00e2non d&#039;Andon est un chalet de chambres et table d&#039;h\u00f4tes avec une belle terrasse, un jardin et une piscine.\" \/>\n<meta name=\"robots\" content=\"index, follow, max-snippet:-1, max-image-preview:large, max-video-preview:-1\" \/>\n<link rel=\"canonical\" href=\"https:\/\/www.anondandon.fr\/index.php\/le-chalet-et-ses-services\/\" \/>\n<meta property=\"og:locale\" content=\"fr_FR\" \/>\n<meta property=\"og:type\" content=\"article\" \/>\n<meta property=\"og:title\" content=\"Le chalet - L&#039;\u00e2non d&#039;Andon\" \/>\n<meta property=\"og:description\" content=\"L&#039;\u00e2non d&#039;Andon est un chalet de chambres et table d&#039;h\u00f4tes avec une belle terrasse, un jardin et une piscine.\" \/>\n<meta property=\"og:url\" content=\"https:\/\/www.anondandon.fr\/index.php\/le-chalet-et-ses-services\/\" \/>\n<meta property=\"og:site_name\" content=\"L&#039;\u00e2non d&#039;Andon\" \/>\n<meta property=\"article:modified_time\" content=\"2024-02-16T23:53:16+00:00\" \/>\n<meta property=\"og:image\" content=\"https:\/\/i0.wp.com\/www.anondandon.fr\/wp-content\/uploads\/2021\/11\/P2220781-scaled.jpg?fit=2560%2C1707&ssl=1\" \/>\n\t<meta property=\"og:image:width\" content=\"2560\" \/>\n\t<meta property=\"og:image:height\" content=\"1707\" \/>\n\t<meta property=\"og:image:type\" content=\"image\/jpeg\" \/>\n<meta name=\"twitter:card\" content=\"summary_large_image\" \/>\n<meta name=\"twitter:label1\" content=\"Dur\u00e9e de lecture estim\u00e9e\" \/>\n\t<meta name=\"twitter:data1\" content=\"2 minutes\" \/>\n<script type=\"application\/ld+json\" class=\"yoast-schema-graph\">{\"@context\":\"https:\/\/schema.org\",\"@graph\":[{\"@type\":\"WebPage\",\"@id\":\"https:\/\/www.anondandon.fr\/index.php\/le-chalet-et-ses-services\/\",\"url\":\"https:\/\/www.anondandon.fr\/index.php\/le-chalet-et-ses-services\/\",\"name\":\"Le chalet - L&#039;\u00e2non d&#039;Andon\",\"isPartOf\":{\"@id\":\"https:\/\/www.anondandon.fr\/#website\"},\"primaryImageOfPage\":{\"@id\":\"https:\/\/www.anondandon.fr\/index.php\/le-chalet-et-ses-services\/#primaryimage\"},\"image\":{\"@id\":\"https:\/\/www.anondandon.fr\/index.php\/le-chalet-et-ses-services\/#primaryimage\"},\"thumbnailUrl\":\"https:\/\/i0.wp.com\/www.anondandon.fr\/wp-content\/uploads\/2021\/11\/P2220781-scaled.jpg?fit=2560%2C1707&ssl=1\",\"datePublished\":\"2021-11-08T19:08:32+00:00\",\"dateModified\":\"2024-02-16T23:53:16+00:00\",\"description\":\"L'\u00e2non d'Andon est un chalet de chambres et table d'h\u00f4tes avec une belle terrasse, un jardin et une piscine.\",\"breadcrumb\":{\"@id\":\"https:\/\/www.anondandon.fr\/index.php\/le-chalet-et-ses-services\/#breadcrumb\"},\"inLanguage\":\"fr-FR\",\"potentialAction\":[{\"@type\":\"ReadAction\",\"target\":[\"https:\/\/www.anondandon.fr\/index.php\/le-chalet-et-ses-services\/\"]}]},{\"@type\":\"ImageObject\",\"inLanguage\":\"fr-FR\",\"@id\":\"https:\/\/www.anondandon.fr\/index.php\/le-chalet-et-ses-services\/#primaryimage\",\"url\":\"https:\/\/i0.wp.com\/www.anondandon.fr\/wp-content\/uploads\/2021\/11\/P2220781-scaled.jpg?fit=2560%2C1707&ssl=1\",\"contentUrl\":\"https:\/\/i0.wp.com\/www.anondandon.fr\/wp-content\/uploads\/2021\/11\/P2220781-scaled.jpg?fit=2560%2C1707&ssl=1\",\"width\":2560,\"height\":1707,\"caption\":\"Premi\u00e8res neiges \u00e0 l'Audibergue -Andon 26 novembre 2021\"},{\"@type\":\"BreadcrumbList\",\"@id\":\"https:\/\/www.anondandon.fr\/index.php\/le-chalet-et-ses-services\/#breadcrumb\",\"itemListElement\":[{\"@type\":\"ListItem\",\"position\":1,\"name\":\"Accueil\",\"item\":\"https:\/\/www.anondandon.fr\/\"},{\"@type\":\"ListItem\",\"position\":2,\"name\":\"Le chalet\"}]},{\"@type\":\"WebSite\",\"@id\":\"https:\/\/www.anondandon.fr\/#website\",\"url\":\"https:\/\/www.anondandon.fr\/\",\"name\":\"L&#039;\u00e2non d&#039;Andon\",\"description\":\"Un havre de paix dans les Alpes d&#039;Azur\",\"publisher\":{\"@id\":\"https:\/\/www.anondandon.fr\/#organization\"},\"potentialAction\":[{\"@type\":\"SearchAction\",\"target\":{\"@type\":\"EntryPoint\",\"urlTemplate\":\"https:\/\/www.anondandon.fr\/?s={search_term_string}\"},\"query-input\":{\"@type\":\"PropertyValueSpecification\",\"valueRequired\":true,\"valueName\":\"search_term_string\"}}],\"inLanguage\":\"fr-FR\"},{\"@type\":\"Organization\",\"@id\":\"https:\/\/www.anondandon.fr\/#organization\",\"name\":\"L&#039;\u00e2non d&#039;Andon\",\"url\":\"https:\/\/www.anondandon.fr\/\",\"logo\":{\"@type\":\"ImageObject\",\"inLanguage\":\"fr-FR\",\"@id\":\"https:\/\/www.anondandon.fr\/#\/schema\/logo\/image\/\",\"url\":\"https:\/\/i0.wp.com\/www.anondandon.fr\/wp-content\/uploads\/2021\/10\/cropped-cropped-LogoAndon.jpg?fit=512%2C496&ssl=1\",\"contentUrl\":\"https:\/\/i0.wp.com\/www.anondandon.fr\/wp-content\/uploads\/2021\/10\/cropped-cropped-LogoAndon.jpg?fit=512%2C496&ssl=1\",\"width\":512,\"height\":496,\"caption\":\"L&#039;\u00e2non d&#039;Andon\"},\"image\":{\"@id\":\"https:\/\/www.anondandon.fr\/#\/schema\/logo\/image\/\"}}]}<\/script>\n<!-- \/ Yoast SEO plugin. -->","yoast_head_json":{"title":"Le chalet - L&#039;\u00e2non d&#039;Andon","description":"L'\u00e2non d'Andon est un chalet de chambres et table d'h\u00f4tes avec une belle terrasse, un jardin et une piscine.","robots":{"index":"index","follow":"follow","max-snippet":"max-snippet:-1","max-image-preview":"max-image-preview:large","max-video-preview":"max-video-preview:-1"},"canonical":"https:\/\/www.anondandon.fr\/index.php\/le-chalet-et-ses-services\/","og_locale":"fr_FR","og_type":"article","og_title":"Le chalet - L&#039;\u00e2non d&#039;Andon","og_description":"L'\u00e2non d'Andon est un chalet de chambres et table d'h\u00f4tes avec une belle terrasse, un jardin et une piscine.","og_url":"https:\/\/www.anondandon.fr\/index.php\/le-chalet-et-ses-services\/","og_site_name":"L&#039;\u00e2non d&#039;Andon","article_modified_time":"2024-02-16T23:53:16+00:00","og_image":[{"width":2560,"height":1707,"url":"https:\/\/i0.wp.com\/www.anondandon.fr\/wp-content\/uploads\/2021\/11\/P2220781-scaled.jpg?fit=2560%2C1707&ssl=1","type":"image\/jpeg"}],"twitter_card":"summary_large_image","twitter_misc":{"Dur\u00e9e de lecture estim\u00e9e":"2 minutes"},"schema":{"@context":"https:\/\/schema.org","@graph":[{"@type":"WebPage","@id":"https:\/\/www.anondandon.fr\/index.php\/le-chalet-et-ses-services\/","url":"https:\/\/www.anondandon.fr\/index.php\/le-chalet-et-ses-services\/","name":"Le chalet - L&#039;\u00e2non d&#039;Andon","isPartOf":{"@id":"https:\/\/www.anondandon.fr\/#website"},"primaryImageOfPage":{"@id":"https:\/\/www.anondandon.fr\/index.php\/le-chalet-et-ses-services\/#primaryimage"},"image":{"@id":"https:\/\/www.anondandon.fr\/index.php\/le-chalet-et-ses-services\/#primaryimage"},"thumbnailUrl":"https:\/\/i0.wp.com\/www.anondandon.fr\/wp-content\/uploads\/2021\/11\/P2220781-scaled.jpg?fit=2560%2C1707&ssl=1","datePublished":"2021-11-08T19:08:32+00:00","dateModified":"2024-02-16T23:53:16+00:00","description":"L'\u00e2non d'Andon est un chalet de chambres et table d'h\u00f4tes avec une belle terrasse, un jardin et une piscine.","breadcrumb":{"@id":"https:\/\/www.anondandon.fr\/index.php\/le-chalet-et-ses-services\/#breadcrumb"},"inLanguage":"fr-FR","potentialAction":[{"@type":"ReadAction","target":["https:\/\/www.anondandon.fr\/index.php\/le-chalet-et-ses-services\/"]}]},{"@type":"ImageObject","inLanguage":"fr-FR","@id":"https:\/\/www.anondandon.fr\/index.php\/le-chalet-et-ses-services\/#primaryimage","url":"https:\/\/i0.wp.com\/www.anondandon.fr\/wp-content\/uploads\/2021\/11\/P2220781-scaled.jpg?fit=2560%2C1707&ssl=1","contentUrl":"https:\/\/i0.wp.com\/www.anondandon.fr\/wp-content\/uploads\/2021\/11\/P2220781-scaled.jpg?fit=2560%2C1707&ssl=1","width":2560,"height":1707,"caption":"Premi\u00e8res neiges \u00e0 l'Audibergue -Andon 26 novembre 2021"},{"@type":"BreadcrumbList","@id":"https:\/\/www.anondandon.fr\/index.php\/le-chalet-et-ses-services\/#breadcrumb","itemListElement":[{"@type":"ListItem","position":1,"name":"Accueil","item":"https:\/\/www.anondandon.fr\/"},{"@type":"ListItem","position":2,"name":"Le chalet"}]},{"@type":"WebSite","@id":"https:\/\/www.anondandon.fr\/#website","url":"https:\/\/www.anondandon.fr\/","name":"L&#039;\u00e2non d&#039;Andon","description":"Un havre de paix dans les Alpes d&#039;Azur","publisher":{"@id":"https:\/\/www.anondandon.fr\/#organization"},"potentialAction":[{"@type":"SearchAction","target":{"@type":"EntryPoint","urlTemplate":"https:\/\/www.anondandon.fr\/?s={search_term_string}"},"query-input":{"@type":"PropertyValueSpecification","valueRequired":true,"valueName":"search_term_string"}}],"inLanguage":"fr-FR"},{"@type":"Organization","@id":"https:\/\/www.anondandon.fr\/#organization","name":"L&#039;\u00e2non d&#039;Andon","url":"https:\/\/www.anondandon.fr\/","logo":{"@type":"ImageObject","inLanguage":"fr-FR","@id":"https:\/\/www.anondandon.fr\/#\/schema\/logo\/image\/","url":"https:\/\/i0.wp.com\/www.anondandon.fr\/wp-content\/uploads\/2021\/10\/cropped-cropped-LogoAndon.jpg?fit=512%2C496&ssl=1","contentUrl":"https:\/\/i0.wp.com\/www.anondandon.fr\/wp-content\/uploads\/2021\/10\/cropped-cropped-LogoAndon.jpg?fit=512%2C496&ssl=1","width":512,"height":496,"caption":"L&#039;\u00e2non d&#039;Andon"},"image":{"@id":"https:\/\/www.anondandon.fr\/#\/schema\/logo\/image\/"}}]}},"jetpack_shortlink":"https:\/\/wp.me\/Pdu1e8-4G","jetpack_sharing_enabled":true,"jetpack_likes_enabled":false,"_links":{"self":[{"href":"https:\/\/www.anondandon.fr\/index.php\/wp-json\/wp\/v2\/pages\/290","targetHints":{"allow":["GET"]}}],"collection":[{"href":"https:\/\/www.anondandon.fr\/index.php\/wp-json\/wp\/v2\/pages"}],"about":[{"href":"https:\/\/www.anondandon.fr\/index.php\/wp-json\/wp\/v2\/types\/page"}],"author":[{"embeddable":true,"href":"https:\/\/www.anondandon.fr\/index.php\/wp-json\/wp\/v2\/users\/1"}],"replies":[{"embeddable":true,"href":"https:\/\/www.anondandon.fr\/index.php\/wp-json\/wp\/v2\/comments?post=290"}],"version-history":[{"count":11,"href":"https:\/\/www.anondandon.fr\/index.php\/wp-json\/wp\/v2\/pages\/290\/revisions"}],"predecessor-version":[{"id":682,"href":"https:\/\/www.anondandon.fr\/index.php\/wp-json\/wp\/v2\/pages\/290\/revisions\/682"}],"wp:featuredmedia":[{"embeddable":true,"href":"https:\/\/www.anondandon.fr\/index.php\/wp-json\/wp\/v2\/media\/484"}],"wp:attachment":[{"href":"https:\/\/www.anondandon.fr\/index.php\/wp-json\/wp\/v2\/media?parent=290"}],"curies":[{"name":"wp","href":"https:\/\/api.w.org\/{rel}","templated":true}]}}